{"id":17470,"date":"2025-04-30T10:04:58","date_gmt":"2025-04-30T13:04:58","guid":{"rendered":"https:\/\/favoritaferramentas.com.br\/?post_type=product&#038;p=17470"},"modified":"2025-04-30T10:05:09","modified_gmt":"2025-04-30T13:05:09","slug":"suporte-com-base-magnetica-braco-articulado-para-relogio-comparador-e-apalpador-160mm-mitutoyo-7015-10","status":"publish","type":"product","link":"https:\/\/favoritaferramentas.com.br\/index.php\/product\/suporte-com-base-magnetica-braco-articulado-para-relogio-comparador-e-apalpador-160mm-mitutoyo-7015-10\/","title":{"rendered":"Suporte com Base Magn\u00e9tica Bra\u00e7o Articulado para Rel\u00f3gio Comparador e Apalpador 160mm Mitutoyo 7015-10"},"content":{"rendered":"","protected":false},"excerpt":{"rendered":"","protected":false},"featured_media":17471,"comment_status":"open","ping_status":"closed","template":"","meta":[],"product_brand":[],"product_cat":[108],"product_tag":[],"class_list":{"0":"post-17470","1":"product","2":"type-product","3":"status-publish","4":"has-post-thumbnail","6":"product_cat-diversos","8":"first","9":"instock","10":"shipping-taxable","11":"product-type-simple"},"_links":{"self":[{"href":"https:\/\/favoritaferramentas.com.br\/index.php\/wp-json\/wp\/v2\/product\/17470","targetHints":{"allow":["GET"]}}],"collection":[{"href":"https:\/\/favoritaferramentas.com.br\/index.php\/wp-json\/wp\/v2\/product"}],"about":[{"href":"https:\/\/favoritaferramentas.com.br\/index.php\/wp-json\/wp\/v2\/types\/product"}],"replies":[{"embeddable":true,"href":"https:\/\/favoritaferramentas.com.br\/index.php\/wp-json\/wp\/v2\/comments?post=17470"}],"version-history":[{"count":1,"href":"https:\/\/favoritaferramentas.com.br\/index.php\/wp-json\/wp\/v2\/product\/17470\/revisions"}],"predecessor-version":[{"id":17472,"href":"https:\/\/favoritaferramentas.com.br\/index.php\/wp-json\/wp\/v2\/product\/17470\/revisions\/17472"}],"wp:featuredmedia":[{"embeddable":true,"href":"https:\/\/favoritaferramentas.com.br\/index.php\/wp-json\/wp\/v2\/media\/17471"}],"wp:attachment":[{"href":"https:\/\/favoritaferramentas.com.br\/index.php\/wp-json\/wp\/v2\/media?parent=17470"}],"wp:term":[{"taxonomy":"product_brand","embeddable":true,"href":"https:\/\/favoritaferramentas.com.br\/index.php\/wp-json\/wp\/v2\/product_brand?post=17470"},{"taxonomy":"product_cat","embeddable":true,"href":"https:\/\/favoritaferramentas.com.br\/index.php\/wp-json\/wp\/v2\/product_cat?post=17470"},{"taxonomy":"product_tag","embeddable":true,"href":"https:\/\/favoritaferramentas.com.br\/index.php\/wp-json\/wp\/v2\/product_tag?post=17470"}],"curies":[{"name":"wp","href":"https:\/\/api.w.org\/{rel}","templated":true}]}}