{"id":17397,"date":"2024-07-11T09:22:54","date_gmt":"2024-07-11T12:22:54","guid":{"rendered":"https:\/\/favoritaferramentas.com.br\/?post_type=product&#038;p=17397"},"modified":"2025-10-31T13:14:18","modified_gmt":"2025-10-31T16:14:18","slug":"vira-macho-3-16-a-1-2-m3-a-m12-mtx","status":"publish","type":"product","link":"https:\/\/favoritaferramentas.com.br\/index.php\/product\/vira-macho-3-16-a-1-2-m3-a-m12-mtx\/","title":{"rendered":"Vira Macho 3\/16 A 1\/2 &#8211; M3 A M12 Mtx"},"content":{"rendered":"<p>O Vira Macho \u00e9 uma ferramenta muito utilizada em oficinas, ind\u00fastrias e afins. Sua alta usabilidade consiste em prender\/fixar machos, alargadores e saca parafusos.<\/p>\n<p>Confeccionado em a\u00e7o de alt\u00edssima qualidade e durabilidade, ele \u00e9 resistente e perfeito para o uso de mec\u00e2nicos profissionais e at\u00e9 amadores. O Vira Macho, em conjunto com o Macho, \u00e9 ideal para gerar roscas internas em furos.<\/p>\n<p>&#8211; 3 meses de garantia<br \/>\n&#8211; Nota Fiscal<br \/>\n&#8211; Envio Imeditado<\/p>\n","protected":false},"excerpt":{"rendered":"<p>O Vira Macho \u00e9 uma ferramenta muito utilizada em oficinas, ind\u00fastrias e afins. Sua alta usabilidade consiste em prender\/fixar machos,<\/p>\n","protected":false},"featured_media":17398,"comment_status":"open","ping_status":"closed","template":"","meta":[],"product_brand":[],"product_cat":[110],"product_tag":[],"class_list":{"0":"post-17397","1":"product","2":"type-product","3":"status-publish","4":"has-post-thumbnail","6":"product_cat-diversos-2","8":"first","9":"instock","10":"shipping-taxable","11":"product-type-external"},"_links":{"self":[{"href":"https:\/\/favoritaferramentas.com.br\/index.php\/wp-json\/wp\/v2\/product\/17397","targetHints":{"allow":["GET"]}}],"collection":[{"href":"https:\/\/favoritaferramentas.com.br\/index.php\/wp-json\/wp\/v2\/product"}],"about":[{"href":"https:\/\/favoritaferramentas.com.br\/index.php\/wp-json\/wp\/v2\/types\/product"}],"replies":[{"embeddable":true,"href":"https:\/\/favoritaferramentas.com.br\/index.php\/wp-json\/wp\/v2\/comments?post=17397"}],"version-history":[{"count":1,"href":"https:\/\/favoritaferramentas.com.br\/index.php\/wp-json\/wp\/v2\/product\/17397\/revisions"}],"predecessor-version":[{"id":17399,"href":"https:\/\/favoritaferramentas.com.br\/index.php\/wp-json\/wp\/v2\/product\/17397\/revisions\/17399"}],"wp:featuredmedia":[{"embeddable":true,"href":"https:\/\/favoritaferramentas.com.br\/index.php\/wp-json\/wp\/v2\/media\/17398"}],"wp:attachment":[{"href":"https:\/\/favoritaferramentas.com.br\/index.php\/wp-json\/wp\/v2\/media?parent=17397"}],"wp:term":[{"taxonomy":"product_brand","embeddable":true,"href":"https:\/\/favoritaferramentas.com.br\/index.php\/wp-json\/wp\/v2\/product_brand?post=17397"},{"taxonomy":"product_cat","embeddable":true,"href":"https:\/\/favoritaferramentas.com.br\/index.php\/wp-json\/wp\/v2\/product_cat?post=17397"},{"taxonomy":"product_tag","embeddable":true,"href":"https:\/\/favoritaferramentas.com.br\/index.php\/wp-json\/wp\/v2\/product_tag?post=17397"}],"curies":[{"name":"wp","href":"https:\/\/api.w.org\/{rel}","templated":true}]}}