{"id":17384,"date":"2024-07-11T08:38:54","date_gmt":"2024-07-11T11:38:54","guid":{"rendered":"https:\/\/favoritaferramentas.com.br\/?post_type=product&#038;p=17384"},"modified":"2024-08-16T19:06:50","modified_gmt":"2024-08-16T22:06:50","slug":"kit-relogio-comparador-base-magnetica","status":"publish","type":"product","link":"https:\/\/favoritaferramentas.com.br\/index.php\/product\/kit-relogio-comparador-base-magnetica\/","title":{"rendered":"Kit Rel\u00f3gio Comparador + Base Magn\u00e9tica"},"content":{"rendered":"<p>Kit Rel\u00f3gio Comparador + Base Magn\u00e9tica:<\/p>\n<p>A Base Magn\u00e9tica \u00e9 ideal para o seu rel\u00f3gio Comparador ou Apalpador. Com sua superf\u00edcie em &#8220;V&#8221;, ela pode ser fixada em pe\u00e7as planas e cil\u00edndricas.<\/p>\n<p>A Base Magn\u00e9tica disp\u00f5e de chave liga\/desliga para ativa\u00e7\u00e3o do magnetismo, pode prender o Rel\u00f3gio tanto pela orelha quanto pelo canh\u00e3o de fixa\u00e7\u00e3o e possui bra\u00e7o articulado, dando mais liberdade ao trabalho. Confeccionada com materiais de alt\u00edssima qualidade e durabilidade, a Base vai lhe auxiliar no dia-a-dia.<\/p>\n<p>Caracter\u00edsticas:<br \/>\n&#8211; Raio de a\u00e7\u00e3o de 150mm.<br \/>\n&#8211; Dimens\u00f5es da Base: 55mm x 50mm x 63mm<br \/>\n&#8211; Altura total: 230mm<br \/>\n&#8211; Comprimento do bra\u00e7o: 160mm<\/p>\n<p>Rel\u00f3gio Comparador<\/p>\n<p>Caracter\u00edsticas:<\/p>\n<p>&#8211; Rel\u00f3gio comparador 10 x 0,01mm;<br \/>\n&#8211; Parafuso de fixa\u00e7\u00e3o do aro;<br \/>\n&#8211; Marcadores de toler\u00e2ncia;<br \/>\n&#8211; Canh\u00e3o di\u00e2metro de 6mm<br \/>\n&#8211; Ponta de contato esf\u00e9rico di\u00e2m 2.5mm e a\u00e7o temperado;<br \/>\n&#8211; Capacidade 0-10mm;<br \/>\n&#8211; Centesimal;<br \/>\n&#8211; Gradua\u00e7\u00e3o 0,01mm<\/p>\n","protected":false},"excerpt":{"rendered":"<p>Kit Rel\u00f3gio Comparador + Base Magn\u00e9tica: A Base Magn\u00e9tica \u00e9 ideal para o seu rel\u00f3gio Comparador ou Apalpador. Com sua<\/p>\n","protected":false},"featured_media":17385,"comment_status":"open","ping_status":"closed","template":"","meta":[],"product_brand":[],"product_cat":[109],"product_tag":[],"class_list":{"0":"post-17384","1":"product","2":"type-product","3":"status-publish","4":"has-post-thumbnail","6":"product_cat-kit-ferramenta","8":"first","9":"instock","10":"shipping-taxable","11":"product-type-external"},"_links":{"self":[{"href":"https:\/\/favoritaferramentas.com.br\/index.php\/wp-json\/wp\/v2\/product\/17384","targetHints":{"allow":["GET"]}}],"collection":[{"href":"https:\/\/favoritaferramentas.com.br\/index.php\/wp-json\/wp\/v2\/product"}],"about":[{"href":"https:\/\/favoritaferramentas.com.br\/index.php\/wp-json\/wp\/v2\/types\/product"}],"replies":[{"embeddable":true,"href":"https:\/\/favoritaferramentas.com.br\/index.php\/wp-json\/wp\/v2\/comments?post=17384"}],"version-history":[{"count":1,"href":"https:\/\/favoritaferramentas.com.br\/index.php\/wp-json\/wp\/v2\/product\/17384\/revisions"}],"predecessor-version":[{"id":17386,"href":"https:\/\/favoritaferramentas.com.br\/index.php\/wp-json\/wp\/v2\/product\/17384\/revisions\/17386"}],"wp:featuredmedia":[{"embeddable":true,"href":"https:\/\/favoritaferramentas.com.br\/index.php\/wp-json\/wp\/v2\/media\/17385"}],"wp:attachment":[{"href":"https:\/\/favoritaferramentas.com.br\/index.php\/wp-json\/wp\/v2\/media?parent=17384"}],"wp:term":[{"taxonomy":"product_brand","embeddable":true,"href":"https:\/\/favoritaferramentas.com.br\/index.php\/wp-json\/wp\/v2\/product_brand?post=17384"},{"taxonomy":"product_cat","embeddable":true,"href":"https:\/\/favoritaferramentas.com.br\/index.php\/wp-json\/wp\/v2\/product_cat?post=17384"},{"taxonomy":"product_tag","embeddable":true,"href":"https:\/\/favoritaferramentas.com.br\/index.php\/wp-json\/wp\/v2\/product_tag?post=17384"}],"curies":[{"name":"wp","href":"https:\/\/api.w.org\/{rel}","templated":true}]}}